ue
Is 109 a multiple of 11?
False
Is 15 a factor of 44322?
False
Is 2 a factor of 760?
True
Is 17 a factor of 12461?
True
Does 7 divide 2131?
False
Is 42288 a multiple of 24?
True
Is 14229 a multiple of 27?
True
Is 15 a factor of 4832?
False
Is 245 a factor of 105103?
False
Is 69 a factor of 2227?
False
Is 39 a factor of 945?
False
Does 38 divide 1976?
True
Is 44 a factor of 6468?
True
Is 34 a factor of 280?
False
Is 89 a multiple of 89?
True
Does 4 divide 1740?
True
Is 9744 a multiple of 199?
False
Is 16 a factor of 341?
False
Is 51 a factor of 21833?
False
Is 3 a factor of 621?
True
Is 91 a factor of 23023?
True
Does 241 divide 48628?
False
Is 3220 a multiple of 140?
True
Is 67 a factor of 603?
True
Is 52 a factor of 27709?
False
Is 736 a multiple of 19?
False
Does 271 divide 21138?
True
Is 51 a multiple of 5?
False
Is 44493 a multiple of 200?
False
Is 53 a factor of 46178?
False
Does 103 divide 8154?
False
Does 7 divide 828?
False
Does 41 divide 26345?
False
Does 4 divide 68?
True
Is 37 a factor of 35085?
False
Does 176 divide 5808?
True
Does 3 divide 51?
True
Is 8 a factor of 1890?
False
Is 22 a factor of 363?
False
Is 356 a factor of 17219?
False
Is 19 a factor of 1425?
True
Is 3241 a multiple of 89?
False
Is 1320 a multiple of 19?
False
Is 23 a factor of 24398?
False
Is 51 a factor of 255?
True
Is 90560 a multiple of 8?
True
Is 39 a factor of 182?
False
Is 13 a multiple of 3?
False
Does 12 divide 120?
True
Is 32 a factor of 96?
True
Is 11760 a multiple of 420?
True
Is 14 a factor of 1211?
False
Does 4 divide 808?
True
Is 71 a factor of 213?
True
Is 2073 a multiple of 14?
False
Is 7 a factor of 7735?
True
Is 23 a factor of 843?
False
Is 75 a factor of 29901?
False
Is 31 a factor of 1820?
False
Is 148 a multiple of 6?
False
Is 9 a factor of 35595?
True
Is 10080 a multiple of 40?
True
Does 20 divide 11506?
False
Is 40 a factor of 15921?
False
Does 34 divide 408?
True
Does 6 divide 1020?
True
Does 22 divide 31924?
False
Does 129 divide 9771?
False
Is 17 a factor of 598?
False
Is 225 a multiple of 23?
False
Does 7 divide 2625?
True
Does 15 divide 195?
True
Is 47 a factor of 650?
False
Is 40618 a multiple of 131?
False
Does 17 divide 19938?
False
Does 11 divide 3598?
False
Does 32 divide 1524?
False
Is 1904 a multiple of 8?
True
Is 57 a multiple of 5?
False
Does 12 divide 560?
False
Is 13 a factor of 2397?
False
Is 7 a factor of 27541?
False
Does 35 divide 3193?
False
Is 225 a factor of 99174?
False
Is 1818 a multiple of 18?
True
Is 2 a factor of 920?
True
Does 10 divide 3029?
False
Is 7 a factor of 1430?
False
Is 7 a factor of 12943?
True
Does 26 divide 62088?
True
Is 700 a multiple of 19?
False
Does 46 divide 17220?
False
Is 28 a factor of 921?
False
Is 4097 a multiple of 5?
False
Is 8 a factor of 52?
False
Is 2460 a multiple of 15?
True
Is 3 a factor of 333?
True
Is 41 a factor of 5043?
True
Does 42 divide 504?
True
Does 15 divide 1995?
True
Does 72 divide 163?
False
Does 18 divide 990?
True
Is 10 a factor of 279?
False
Does 20 divide 23363?
False
Does 9 divide 1560?
False
Is 47135 a multiple of 38?
False
Is 780 a multiple of 3?
True
Is 72 a multiple of 8?
True
Does 10 divide 20?
True
Is 18 a factor of 23940?
True
Is 154 a multiple of 11?
True
Does 7 divide 298?
False
Is 5457 a multiple of 19?
False
Does 26 divide 5814?
False
Does 57 divide 5974?
False
Is 44 a factor of 440?
True
Is 14 a factor of 9796?
False
Does 25 divide 500?
True
Does 38 divide 1090?
False
Is 19 a factor of 456?
True
Is 4829 a multiple of 16?
False
Is 559 a multiple of 3?
False
Does 3 divide 8903?
False
Is 3 a factor of 144?
True
Does 458 divide 92974?
True
Does 19 divide 1644?
False
Does 13 divide 2061?
False
Does 8 divide 4120?
True
Does 39 divide 14586?
True
Is 12 a factor of 215?
False
Is 134 a factor of 2680?
True
Does 86 divide 11094?
True
Is 29 a factor of 406?
True
Is 17 a factor of 901?
True
Does 11 divide 3146?
True
Is 30 a factor of 120?
True
Is 4 a factor of 524?
True
Is 3550 a multiple of 48?
False
Is 51 a factor of 1606?
False
Is 19364 a multiple of 28?
False
Is 311 a multiple of 55?
False
Is 44956 a multiple of 33?
False
Is 60 a factor of 97?
False
Does 5 divide 7538?
False
Is 241 a factor of 22172?
True
Does 32 divide 4899?
False
Is 1024 a multiple of 64?
True
Is 38 a factor of 1435?
False
Does 11 divide 14810?
False
Is 112 even?
True
Is 266 a multiple of 51?
False
Is 19 a factor of 4800?
False
Is 835 a multiple of 5?
True
Is 19 a factor of 2397?
False
Is 35 a factor of 175?
True
Is 5 a factor of 34?
False
Is 3051 a multiple of 7?
False
Is 24 a factor of 1127?
False
Does 172 divide 26552?
False
Does 142 divide 2649?
False
Is 12 a factor of 1047?
False
Is 15 a factor of 206?
False
Does 16 divide 38797?
False
Does 54 divide 932?
False
Is 9 a factor of 22556?
False
Is 12057 a multiple of 38?
False
Is 8 a factor of 3088?
True
Is 20 a factor of 2065?
False
Is 26 a factor of 28941?
False
Is 738 a multiple of 6?
True
Is 3 a factor of 22735?
False
Is 2952 a multiple of 36?
True
Does 13 divide 3183?
False
Does 28 divide 2105?
False
Does 55 divide 35365?
True
Is 39 a factor of 3939?
True
Is 40492 a multiple of 191?
True
Is 37 a factor of 2937?
False
Is 51 a factor of 17034?
True
Does 7 divide 28371?
True
Is 26160 a multiple of 16?
True
Does 24 divide 45895?
False
Is 43 a factor of 10311?
False
Is 5800 a multiple of 145?
True
Does 3 divide 941?
False
Does 34 divide 29070?
True
Is 98 a factor of 11858?
True
Is 680 a multiple of 17?
True
Does 76 divide 84243?
False
Is 17 a factor of 18883?
False
Is 588 a multiple of 6?
True
Is 462 a multiple of 2?
True
Does 7 divide 2233?
True
Is 1020 a multiple of 10?
True
Is 42228 a multiple of 23?
True
Does 23 divide 869?
False
Is 3000 a multiple of 5?
True
Is 5 a factor of 597?
False
Is 15149 a multiple of 14?
False
Is 22 a factor of 21505?
False
Does 25 divide 6470?
False
Is 20 a factor of 2820?
True
Is 14 a factor of 196?
True
Is 3678 a multiple of 60?
False
Is 376 a multiple of 5?
False
Is 27 a factor of 4374?
True
Is 11985 a multiple of 85?
True
Is 206 a multiple of 7?
False
Is 208 a multiple of 13?
True
Does 28 divide 52700?
False
Is 46008 a multiple of 36?
True
Does 53 divide 2294?
False
Does 18 divide 684?
True
Does 35 divide 3570?
True
Is 4 a factor of 178?
False
Is 429 a multiple of 39?
True
Is 7278 a multiple of 226?
False
Is 33 a factor of 61?
False
Is 32 a factor of 320?
True
Is 70 a factor of 3990?
True
Does 16 divide 159?
False
Does 11 divide 274?
False
Is 5 even?
False
Is 7 a factor of 3143?
True
Is 19 a factor of 2622?
True
Is 34 a factor of 13464?
True
Does 7 divide 178?
False
Does 12 divide 31959?
False
Is 3 a factor of 29220?
True
Does 2 divide 550?
True
Is 43 a factor of 258?
True
Does 45 divide 86?
False
Is 11 a factor of 3007?
False
Is 1311 a multiple of 42?
False
Does 114 divide 10602?
True
Does 27 divide 795?
False
Is 23 a factor of 10577?
False
Is 38 a factor of 76?
True
Does 26 divide 516?
False
Does 290 divide 32563?
False
Is 2880 a multiple of 74?
False
Does 115 divide 3680?
True
Does 11 divide 5643?
True
Is 17 a factor of 1105?
True
Is 33 a factor of 7184?
False
Is 28 a factor of 1960?
True
Does 42 divide 38198?
False
Does 5 divide 330?
True
Is 4752 a multiple of 33?
True
Is 22838 a multiple of 38?
True
Does 14 divide 3116?
False
Does 13 divide 238?
False
Is 1697 a multiple of 27?
False
Is 354 a multiple of 36?
False
Is 212 a multiple of 3?
False
Does 34 divide 5814?
True
Is 23 a factor of 13377?
False
Does 126 divide 5292?
True
Is 3 a factor of 69?
True
Does 35 divide 17745?
True
Is 5 a factor of 1723?
False
Does 44 divide 34848?
True
Is 3606 a multiple of 7?
False
Does 60 divide 19140?
True
Is 2900 a multiple of 50?
True
Is 10255 a multiple of 83?
False
Is 718 a multiple of 8?
False
Does 17 divide 17?
True
Is 26077 a multiple of 138?
False
Is 1966 a multiple of 7?
False
Is 2611 a multiple of 9?
False
Is 4022 a multiple of 15?
False
Does 13 divide 117?
True
Does 9 divide 2214?
True
Is 74560 a multiple of 13?
False
Does 5 divide 1088?
False
Is 1663 a multiple of 95?
False
Is 30 a factor of 71910?
True
Is 9747 a multiple of 25?
False
Is 4984 a multiple of 56?
True
Is 80278 a multiple of 89?
True
Does 13 divide 76?
False
Is 30 a factor of 17490?
True
Does 13 divide 5655?
True
Is 5 a factor of 8036?